 hundreds digit of 5154?
1
What is the hundreds digit of 434617?
6
What is the ten thousands digit of 17464?
1
What is the hundreds digit of 109102?
1
What is the ten thousands digit of 19410?
1
What is the thousands digit of 162729?
2
What is the units digit of 2045555?
5
What is the tens digit of 57210?
1
What is the tens digit of 4172722?
2
What is the units digit of 236082?
2
What is the units digit of 2948438?
8
What is the ten thousands digit of 618423?
1
What is the ten thousands digit of 821233?
2
What is the millions digit of 5660024?
5
What is the hundred thousands digit of 1018913?
0
What is the millions digit of 12287657?
2
What is the hundred thousands digit of 154304?
1
What is the tens digit of 1520962?
6
What is the hundred thousands digit of 1664332?
6
What is the hundred thousands digit of 5596078?
5
What is the thousands digit of 5417423?
7
What is the ten thousands digit of 432144?
3
What is the hundreds digit of 742934?
9
What is the units digit of 5239185?
5
What is the tens digit of 3985187?
8
What is the tens digit of 64525?
2
What is the thousands digit of 197871?
7
What is the hundreds digit of 160722?
7
What is the units digit of 487296?
6
What is the hundred thousands digit of 190233?
1
What is the ten millions digit of 22411333?
2
What is the millions digit of 31114068?
1
What is the ten thousands digit of 386905?
8
What is the ten thousands digit of 4764156?
6
What is the hundreds digit of 891432?
4
What is the units digit of 10937274?
4
What is the millions digit of 7590596?
7
What is the hundreds digit of 7162106?
1
What is the millions digit of 12876493?
2
What is the units digit of 1627618?
8
What is the hundreds digit of 247852?
8
What is the hundreds digit of 6975156?
1
What is the hundreds digit of 550239?
2
What is the thousands digit of 9094404?
4
What is the hundreds digit of 9175202?
2
What is the tens digit of 413851?
5
What is the hundred thousands digit of 437770?
4
What is the units digit of 70162?
2
What is the thousands digit of 2458346?
8
What is the hundreds digit of 939?
9
What is the hundred thousands digit of 16306439?
3
What is the hundreds digit of 243338?
3
What is the hundreds digit of 17911848?
8
What is the ten thousands digit of 1141222?
4
What is the hundred thousands digit of 205075?
2
What is the hundreds digit of 574081?
0
What is the tens digit of 633218?
1
What is the tens digit of 22632816?
1
What is the ten thousands digit of 1279155?
7
What is the tens digit of 3140668?
6
What is the hundreds digit of 1475783?
7
What is the tens digit of 758743?
4
What is the hundred thousands digit of 29564507?
5
What is the units digit of 5737525?
5
What is the hundreds digit of 8572?
5
What is the units digit of 9637222?
2
What is the hundreds digit of 896307?
3
What is the thousands digit of 2563758?
3
What is the hundred thousands digit of 115372?
1
What is the thousands digit of 20010463?
0
What is the thousands digit of 51742?
1
What is the hundred thousands digit of 10435440?
4
What is the tens digit of 75414?
1
What is the ten thousands digit of 1172315?
7
What is the tens digit of 472782?
8
What is the hundreds digit of 4539266?
2
What is the units digit of 9657236?
6
What is the thousands digit of 116659?
6
What is the units digit of 12346960?
0
What is the units digit of 2155798?
8
What is the tens digit of 8181786?
8
What is the hundreds digit of 182256?
2
What is the tens digit of 8172?
7
What is the hundred thousands digit of 465417?
4
What is the thousands digit of 10713?
0
What is the thousands digit of 103762?
3
What is the hundreds digit of 799304?
3
What is the ten thousands digit of 17204282?
0
What is the units digit of 33253704?
4
What is the units digit of 15091626?
6
What is the thousands digit of 42859?
2
What is the hundreds digit of 25029?
0
What is the thousands digit of 69692?
9
What is the hundred thousands digit of 709585?
7
What is the thousands digit of 593889?
3
What is the ten thousands digit of 829111?
2
What is the ten thousands digit of 8488417?
8
What is the units digit of 3376283?
3
What is the hundred thousands digit of 444972?
4
What is the units digit of 1681393?
3
What is the hundred thousands digit of 2149257?
1
What is the hundred thousands digit of 1843179?
8
What is the units digit of 719826?
6
What is the hundred thousands digit of 9466389?
4
What is the hundreds digit of 159134?
1
What is the millions digit of 1878681?
1
What is the tens digit of 12405076?
7
What is the hundreds digit of 15866539?
5
What is the millions digit of 27181139?
7
What is the units digit of 247211?
1
What is the units digit of 2200029?
9
What is the hundred thousands digit of 136657?
1
What is the hundred thousands digit of 4591152?
5
What is the hundred thousands digit of 800686?
8
What is the units digit of 17298885?
5
What is the millions digit of 1433710?
1
What is the hundreds digit of 1737539?
5
What is the units digit of 18139?
9
What is the hundreds digit of 7533989?
9
What is the hundreds digit of 1740133?
1
What is the thousands digit of 3065767?
5
What is the ten thousands digit of 435687?
3
What is the millions digit of 1206059?
1
What is the tens digit of 5334604?
0
What is the thousands digit of 581702?
1
What is the ten thousands digit of 374575?
7
What is the units digit of 399533?
3
What is the ten thousands digit of 1929176?
2
What is the tens digit of 4456001?
0
What is the tens digit of 1602932?
3
What is the ten thousands digit of 559270?
5
What is the ten thousands digit of 988829?
8
What is the hundred thousands digit of 1406408?
4
What is the units digit of 45484?
4
What is the units digit of 152826?
6
What is the tens digit of 1695512?
1
What is the millions digit of 4399687?
4
What is the tens digit of 12733?
3
What is the tens digit of 143516?
1
What is the hundreds digit of 210759?
7
What is the tens digit of 2465827?
2
What is the millions digit of 2808418?
2
What is the hundred thousands digit of 5357704?
3
What is the tens digit of 2133746?
4
What is the tens digit of 52276?
7
What is the hundred thousands digit of 5017184?
0
What is the units digit of 674045?
5
What is the tens digit of 18742588?
8
What is the tens digit of 181703?
0
What is the tens digit of 4400598?
9
What is the hundreds digit of 53729?
7
What is the tens digit of 5092924?
2
What is the thousands digit of 75397?
5
What is the hundred thousands digit of 2494064?
4
What is the hundreds digit of 148429?
4
What is the hundreds digit of 47332?
3
What is the hundreds digit of 238275?
2
What is the millions digit of 10165521?
0
What is the hundred thousands digit of 29495799?
4
What is the tens digit of 228850?
5
What is the ten thousands digit of 13708852?
0
What is the thousands digit of 145443?
5
What is the hundreds digit of 631006?
0
What is the ten thousands digit of 59014?
5
What is the ten thousands digit of 629182?
2
What is the hundred thousands digit of 8394617?
3
What is the units digit of 2143350?
0
What is the hundred thousands digit of 39541529?
5
What is the hundreds digit of 5530224?
2
What is the thousands digit of 5804335?
4
What is the units digit of 32601682?
2
What is the millions digit of 8655207?
8
What is the units digit of 6313712?
2
What is the hundred thousands digit of 1014747?
0
What is the tens digit of 1551651?
5
What is the thousands digit of 84780?
4
What is the tens digit of 21785240?
4
What is the hundred thousands digit of 2403391?
4
What is the tens digit of 147792?
9
What is the tens digit of 49214?
1
What is the thousands digit of 82468?
2
What is the units digit of 6340725?
5
What is the thousands digit of 1437681?
7
What is the hundreds digit of 6776562?
5
What is the hundred thousands digit of 31949083?
9
What is the tens digit of 1468023?
2
What is the units digit of 2644670?
0
What is the hundreds digit of 7148400?
4
What is the hundreds digit of 981542?
5
What is the units digit of 1015137?
7
What is the hundred thousands digit of 1584571?
5
What is the units digit of 14483294?
4
What is the thousands digit of 232033?
2
What is the thousands digit of 1083825?
3
What is the hundred thousands digit of 2980731?
9
What is the thousands digit of 5131264?
1
What is the tens digit of 45322?
2
What is the tens digit of 3020856?
5
